{"id":210,"date":"2019-06-10T11:33:53","date_gmt":"2019-06-10T11:33:53","guid":{"rendered":"http:\/\/brookside.artstudioworks.net\/?page_id=2"},"modified":"2022-02-06T10:22:32","modified_gmt":"2022-02-06T10:22:32","slug":"about-me","status":"publish","type":"page","link":"https:\/\/deliadanceandchoreographystudio.com\/","title":{"rendered":"About Us"},"content":{"rendered":"[vc_row][vc_column width=&#8221;1\/2&#8243;][vc_column_text]Hi I am Delia from Holguin Cuba. I have been passionate about dancing from childhood. In Cuba we have a rich tradition of learning music and dance forms. I am a certified Salsa and Meringue dancer. I have also choreographed many events. Learn authentic dance forms. Special classes for Meringue and Salsa. We also organize events with our partners . Choreography and performances for events. Open to collaborations, and international events for shoots, video, events and dance collaborations, programs for schools.<\/p>\n<p>Mobile: +53 55102869: Email: deliacisnero8@gmail.com[\/vc_column_text][vc_column_text]\n<h2>Sobre nosotros:<\/h2>\n<p>Hola soy Delia de Holgu\u00edn Cuba. Me ha apasionado bailar desde peque\u00f1a. En Cuba tenemos una rica tradici\u00f3n de aprendizaje de formas musicales y danzarias. Soy bailarina certificada de Salsa y Merengue. Tambi\u00e9n he coreografiado muchos eventos. Aprende formas de baile aut\u00e9nticas. Clases especiales de Merengue y Salsa. Tambi\u00e9n organizamos eventos con nuestros socios. Coreograf\u00edas y actuaciones para eventos. Abierto a colaboraciones y eventos internacionales para rodajes, video, eventos y colaboraciones de danza, programas para escuelas.<\/p>\n<p>M\u00f3vil: +53 55102869: Correo electr\u00f3nico: deliacisnero8@gmail.com<\/p>\n[\/vc_column_text][\/vc_column][vc_column width=&#8221;1\/2&#8243;][vc_single_image image=&#8221;235&#8243; img_size=&#8221;full&#8221;][\/vc_column][\/vc_row]\n","protected":false},"excerpt":{"rendered":"<p>[vc_row][vc_column width=&#8221;1\/2&#8243;][vc_column_text]Hi I am Delia from Holguin Cuba. I have been passionate about dancing from childhood. In Cuba we have a rich tradition of learning music and dance forms. I am a certified Salsa and Meringue dancer. I have also choreographed many events. Learn authentic dance forms. Special classes for Meringue and Salsa. We also<\/p>\n","protected":false},"author":1,"featured_media":234,"parent":0,"menu_order":0,"comment_status":"closed","ping_status":"open","template":"","meta":{"kt_blocks_editor_width":"","footnotes":""},"class_list":["post-210","page","type-page","status-publish","has-post-thumbnail","hentry"],"_links":{"self":[{"href":"https:\/\/deliadanceandchoreographystudio.com\/index.php?rest_route=\/wp\/v2\/pages\/210","targetHints":{"allow":["GET"]}}],"collection":[{"href":"https:\/\/deliadanceandchoreographystudio.com\/index.php?rest_route=\/wp\/v2\/pages"}],"about":[{"href":"https:\/\/deliadanceandchoreographystudio.com\/index.php?rest_route=\/wp\/v2\/types\/page"}],"author":[{"embeddable":true,"href":"https:\/\/deliadanceandchoreographystudio.com\/index.php?rest_route=\/wp\/v2\/users\/1"}],"replies":[{"embeddable":true,"href":"https:\/\/deliadanceandchoreographystudio.com\/index.php?rest_route=%2Fwp%2Fv2%2Fcomments&post=210"}],"version-history":[{"count":6,"href":"https:\/\/deliadanceandchoreographystudio.com\/index.php?rest_route=\/wp\/v2\/pages\/210\/revisions"}],"predecessor-version":[{"id":236,"href":"https:\/\/deliadanceandchoreographystudio.com\/index.php?rest_route=\/wp\/v2\/pages\/210\/revisions\/236"}],"wp:featuredmedia":[{"embeddable":true,"href":"https:\/\/deliadanceandchoreographystudio.com\/index.php?rest_route=\/wp\/v2\/media\/234"}],"wp:attachment":[{"href":"https:\/\/deliadanceandchoreographystudio.com\/index.php?rest_route=%2Fwp%2Fv2%2Fmedia&parent=210"}],"curies":[{"name":"wp","href":"https:\/\/api.w.org\/{rel}","templated":true}]}}